 x be (68/16 + -2)*(-20)/(-15). Suppose 0 = -s + 5*u + 482, x*s = -4*u + 1481 - 130. What is the units digit of s?
7
Suppose 175255 + 144237 = 23*n + 60443. What is the thousands digit of n?
1
Let q be 0*(-1)/2*(-42)/(-168). Suppose q = -5*f - 2*i + 26, i - 19 = -2*f - 2*f. Suppose f*n - 7*n = -624. What is the tens digit of n?
0
Let n be ((-2 - -4) + 0)*1. Let p be (n/(-1))/2*(7 + -9). Suppose p*y + i - 30 = 0, -i - 4*i + 20 = 0. What is the units digit of y?
3
Let a(i) = -2*i**2 - 12*i - 60. Let m(h) = 5*h**2 + 35*h + 180. Let b(u) = -11*a(u) - 4*m(u). What is the units digit of b(-10)?
0
Suppose -20 = -4*h - 4*z, -h = 3*h + 3*z - 16. Let w be 12/(-1 - -4 - h). Suppose -263 - 307 = -w*p. What is the tens digit of p?
9
Let q(m) = 5*m + 37. Let u be q(-7). Let l(y) = -2*y**2 + y + 4. Let n be l(u). Let j(g) = 43*g**2 + 2*g. What is the units digit of j(n)?
8
Suppose -3*r + 5 = 4*j - 17, -16 = -5*j + 2*r. What is the tens digit of j*(-9)/6 + 102?
9
Let k = 0 + 4. Suppose 343*c - 4676 = 336*c. Suppose 3*f = -f + k*w + c, w = 3*f - 497. What is the hundreds digit of f?
1
Let j(s) = -166*s - 165. Let i be j(-6). What is the units digit of i*4/45 + 22/165?
4
Suppose 1802*g = 1791*g + 253429. What is the units digit of g?
9
Let q be 240/11 + (-22)/(-121). Suppose q*z - 19612 = 8658. What is the units digit of z?
5
Let q = 7840 - 4295. What is the thousands digit of q?
3
Suppose -g - 4*j - 24 = -2*g, 3*g - 2*j = 22. What is the hundreds digit of (g/5)/(1/10590*12)?
7
Suppose -6*p = 14*p - 92162 - 166818. What is the thousands digit of p?
2
Suppose -4*o - 5*l + 28 = -0*l, 0 = -3*o + 3*l - 6. Let f(j) = 102*j - 30. Let y(k) = 41*k - 12. Let d(t) = 5*f(t) - 12*y(t). What is the units digit of d(o)?
0
What is the units digit of -6807*1/(-3) + -9?
0
Let g(d) = -5*d + 9. Let z be (12/(-9)*-3)/(2 - 0). Suppose -4*q = -v - 0*v + 23, z*v + 32 = -5*q. What is the tens digit of g(q)?
3
Let t(c) = 9*c**3 + c**2 + 2*c - 2. Let q be t(1). Let v be q + -10 - (-1 - -2). What is the hundreds digit of (-6)/(-3) + (116 - (v - 0))?
1
Suppose 2*i - 24 = -4*u, 2*u + 3*i = -0 + 4. Let w be (-2)/4 + ((-36)/u)/(-1). What is the units digit of -3 - ((w - 138) + -2)?
3
Let i be 130 - 6/9*-6. Suppose 0 = x - 106 - i. Suppose -k + x = 4*k. What is the tens digit of k?
4
Let s(y) = -433*y - 16. Let x = 747 + -748. What is the hundreds digit of s(x)?
4
Let d(r) = 3*r - 47. Let l be d(15). Let h(y) = -4 - 2*y + 5*y**2 - 2*y**2 + 8*y**2 + 0. What is the units digit of h(l)?
4
Let k = -3777 + 10772. What is the tens digit of k?
9
Suppose -2*i + 3*i = -5. Let t be 6/(i/(1 + 4)). What is the tens digit of (-130)/t + (-11)/(-33)?
2
Let f(v) = -12*v**2 + 16*v - 74. Let p be f(7). Let z = 951 + p. What is the tens digit of z?
0
Let j(v) = 5809*v**2 + 3*v + 7. What is the hundreds digit of j(-1)?
8
Let j(u) = 10 - 2*u - 12 + 153*u**2 + 265*u**2. What is the units digit of j(1)?
4
Let u(g) = 3*g**2 - 9*g + 10. Let j be u(2). Suppose 5 = h + 3. Suppose -h*t + t + 215 = 5*i, -j*t - 64 = -i. What is the units digit of i?
4
Let s be (-7 - 1)*-1 + -4. Suppose 3*u + 2*u - 4*h = 6363, -2*h = s. What is the units digit of u?
1
Let l = 515 + -501. Suppose l*a - 9258 - 5792 = 0. What is the units digit of a?
5
Suppose -z = -2*p - 11, 13 = -p - 2*z + 5*z. Let x be (-101 - p)*(1 + 0). Let j = x + 181. What is the tens digit of j?
8
Let z be 5/(-3)*(-40 - (-5 + -5)). What is the tens digit of ((9 - 7) + z)/((-4)/(-74))?
6
What is the hundreds digit of (7 - 641700/(-80)) + (9/(-12))/3?
0
Suppose m = 2*z - z - 3, -m = -4*z + 15. Suppose 0 = -5*q - 4*x + 1240, z*q - 5*x - 190 - 843 = 0. What is the units digit of q?
2
Let u(r) = r**3 - 15*r**2 + 13*r + 19. Let y be u(14). Suppose -197 = -3*v + 4*o, 86 = 2*v + y*o - 30. What is the units digit of v?
3
Suppose 147076 + 185980 = 64*i. What is the tens digit of i?
0
Let u(c) = c**2 + 14*c - 31. Let a be u(-16). Suppose 0*k = -k + 5*t + 242, -t = -a. What is the hundreds digit of k?
2
Suppose 33*u = -43*u + 476520. What is the units digit of u?
0
Suppose 3*d - 30558 = z - 90156, 0 = -2*z - 3*d + 119178. What is the tens digit of z?
9
Let p = 47616 + -28898. What is the thousands digit of p?
8
Let x(k) = -3*k**2 - 32*k - 41. Let w(b) = -b**2 - 11*b - 14. Let t(r) = 8*w(r) - 3*x(r). Let p be t(-7). What is the units digit of (-10 - -1)/(1 - p/3)?
7
Suppose -467 - 461 = -14*f - 242. Suppose 2*u = -4*z + 566, 159 = z + u + 19. Let x = f + z. What is the hundreds digit of x?
1
Suppose -2*r + 4*z - 29 - 5 = 0, -25 = 2*r - z. Let m be 4/22 - (31/r + 0). Suppose p - 25 = -m*k, 5*k + 2*p - 55 = 3*p. What is the tens digit of k?
1
Let v = 497 + -457. Let w(h) = 21*h + 249. What is the hundreds digit of w(v)?
0
Let c(a) = -a + 7. Let b be c(15). Let q be -1965*-2*b/20. What is the units digit of q/(-15) + (-3 - 48/(-15))?
5
Let k(o) = -2 + 2*o - 3*o - 9. Let s be k(-14). Suppose 121 = -2*z + s*z. What is the units digit of z?
1
Let s be (164/123)/((-4)/(-15)). Let g(h) = -h**3 + 8*h**2 - 29. What is the units digit of g(s)?
6
Suppose 0 = -86*p - 346826 + 1410818. What is the hundreds digit of p?
3
Suppose -7*r - r + 16 = 0. Suppose -r*o - 28 = -9*o. Suppose -o*d + 240 = b, 2*d - d = 2*b + 60. What is the units digit of d?
0
Let n be (-5)/(-120)*-10*-12. Suppose -a - 1882 = -g - 4*a, -3*a = n*g - 9422. What is the tens digit of g?
8
Suppose 162 = -4*j - 186. Let f = j + 97. Let r = f - -109. What is the tens digit of r?
1
Suppose 2*g - 27 = -17. Let n = 7 - g. Suppose 0 = -k + z + 60, -n*z + 16 + 84 = 2*k. What is the units digit of k?
5
Let k be (-42)/(-11) + (-4)/(-22). Suppose -j = -4*j - w + 1249, 398 = j + k*w. What is the hundreds digit of (-1)/(11 + -13 - j/(-210))?
1
Let w(n) = -9*n - 37. Let g be w(-4). What is the tens digit of ((-132)/20)/(g/270*3)?
9
Let y be 20/((-9)/30*(-6)/4581). What is the thousands digit of (2 + -1)*-3 - y/(-50)?
1
Let t = -1791 + 5037. Suppose -11*n + 3519 = -t. What is the hundreds digit of n?
6
Let h = 2227 + -1461. What is the units digit of h*(-3)/(-12) - 1/(-2)?
2
Let c(s) = 7*s + 634. What is the units digit of c(-26)?
2
Let y = 22431 + -12546. What is the units digit of y?
5
Let s(w) = w**2 + 7*w + 15. Let i be s(-5). Suppose -2*x = 3*q - 8, i*x + 26 = q + x. What is the tens digit of ((-110)/q)/(7/(-21))?
5
Suppose -62*h + 60*h - 14968 = -2*l, -4 = -h. What is the thousands digit of l?
7
Suppose 2*c - 93080 = -3*m, -349*c - 62060 = -2*m - 352*c. What is the units digit of m?
4
Suppose 27*b = -4*o + 26*b + 13451, -o - b = -3365. What is the hundreds digit of o?
3
Let h(p) = -243*p + 858. What is the tens digit of h(-19)?
7
Let f be 3 + 55/(-20) + 93/12. Let b(g) = g**2 - 2*g - 16 - f*g + 7*g. What is the hundreds digit of b(-14)?
2
Let m(o) be the second derivative of o**5/20 + o**4/4 + 2*o**3/3 + o**2 - 23*o. Let f be m(-1). Suppose -3*k + 408 - 27 = f. What is the tens digit of k?
2
Let i(c) = 8*c**2 + 7*c - 1. Let l be i(9). Suppose 3*d + 2*w - 150 = 276, -5*d + 5*w + l = 0. What is the hundreds digit of d?
1
Let h = 46 + -49. Let i = -2 - h. What is the units digit of (i + (-6)/8)*332?
3
Let l(s) = s**2 - 6*s - 8. Let h be l(6). Let c = h - -12. Suppose -296 = -4*g + c*p, -4 = -5*p - 14. What is the tens digit of g?
7
Let h = 80 - 82. Let b be 1*h/2 - 2*2. Let o = b + 12. What is the units digit of o?
7
Let i(x) = -52*x**3 - x**2 + 3*x - 1. Let g be i(-2). Let v = 52 + -50. What is the tens digit of 2/(-8) + v/(40/g)?
2
Let n(v) = 3 + 7 - v - v + 1. Let d be n(4). Suppose -4*q - 3*b = -670, -b = -d*q + b + 494. What is the tens digit of q?
6
Suppose -h + 4*h + 2*n = -8, h = -2*n - 4. What is the units digit of (-1615)/h - (0 - 6/4)?
9
Suppose -5*g + 2*b - 10257 = 0, 0 = -3*g + b - 2*b - 6152. What is the tens digit of (g/14)/(1/(-4)) + 0?
8
Let n(p) = -270*p - 246. What is the hundreds digit of n(-11)?
7
Suppose -5*i - 9 = 11, 5*r - 5*i - 115 = 0. Suppose -5*p - 4 + r = 0. Suppose -3*b - k + 9 = -1, p*k = -4*b + 5. What is the units digit of b?
5
Let i(o) = -11*o - 108. Let r(d) = -6*d - 54. Let w(y) = -3*i(y) + 5*r(y). Let k be w(-16). Suppose k*p - 129 = 321. What is the units digit of p?
5
Suppose -r = 4*z - 24, -4*r - z = -30 + 9. Suppose 3*o = 3, -431 = -5*a - 0*a + r*o. Let p = 163 - a. What is the tens digit of p?
